 + 2*q = 188, 4*p = 3*q + 132. Calculate the greatest common factor of p and 972.
36
Let w = 136 + -81. Suppose -w + 7 = -8*n. Suppose -2*h - 6*i + 3*i = -96, 20 = -5*i. Calculate the highest common divisor of n and h.
6
Let x = 2976 + -2974. Let s = 200 - 54. Calculate the highest common factor of s and x.
2
Suppose 343228 = 148*t + 29616. What is the greatest common divisor of 65 and t?
13
Let a = 1477 + -1467. What is the greatest common factor of a and 3670?
10
Suppose -2097 = -183*h + 4491. What is the highest common divisor of 2364 and h?
12
Let m = 4330 - 4264. Let a be (8/(-10))/((-2)/30). Suppose a = x - r + 2, -4*r = 2*x + 4. Calculate the highest common divisor of x and m.
6
Suppose 6*g = -45 + 9, -3*g - 39 = -3*v. What is the greatest common factor of 10668 and v?
7
Let t be -33 + 3 + 0 + -5. Let r = t - -52. Suppose d - 53 = -0*j - 3*j, -4*j + 5*d = -58. What is the greatest common divisor of j and r?
17
Suppose -7*d = -183 - 237. What is the highest common factor of 276 and d?
12
Let q = 22 - 13. Suppose -r - 2*y - 70 = -2*r, 2*y - 338 = -5*r. Let d be r/918 + 320/54. Calculate the highest common divisor of d and q.
3
Let r(b) = 147*b + 157. Let f be r(-1). What is the highest common divisor of f and 405?
5
Let r = 85 - 104. Let u(v) = -2*v**2 - 38*v + 9. Let s be u(r). Calculate the greatest common divisor of s and 9.
9
Suppose 0 = -11*k + 57 - 13. Let t be 151 - 4*k/(-8) - 1. Suppose 0 = -4*a + t + 32. What is the greatest common divisor of a and 23?
23
Let k = 1381 + -1157. What is the greatest common divisor of k and 208?
16
Let f(r) = -55*r**3 + r**2. Let d be f(-1). Let s = -653625 - -653695. Calculate the highest common divisor of d and s.
14
Suppose 12532 = 2*t + 2*a, 2*t - 159*a + 162*a - 12528 = 0. What is the highest common factor of t and 66?
66
Suppose -14*z = 10*z + 15600. Let p = z - -663. Calculate the greatest common divisor of 143 and p.
13
Let b be (-22)/(-3)*3/2. Suppose 0 = 2*o - 5*o + 759. Calculate the greatest common factor of o and b.
11
Let h(d) = 52*d + 10. Let s be h(7). Suppose 371*z + 114 = s*z. Calculate the highest common factor of z and 114.
38
Let n be 4/6 + (-32)/(-6). Suppose 2*p = -2*k + 228, 2*k - 33 = -4*p + 207. Calculate the greatest common divisor of n and k.
6
Suppose 0 = -2*q + 168 - 26. Suppose 0 = -6*j - q - 13. Let n = j - -41. Calculate the highest common divisor of 45 and n.
9
Let n(c) = c**2 + 19*c + 168. Let s be n(-10). Calculate the highest common factor of 24 and s.
6
Let h be 56/98 - (-16248)/(-56)*(-4)/6. Calculate the highest common divisor of h and 24832.
194
Let k = 5455 + -3991. Calculate the greatest common divisor of 183 and k.
183
Let g be (-12 - 1036084/(-154)) + -1 + 26/22. What is the greatest common factor of 219 and g?
73
Suppose 0 = -11*m + 46 + 207. Let z(f) = f**2 - 4*f - 4. Let n be z(5). Calculate the highest common divisor of m and n.
1
Suppose 339 = 21*k + 2061. Let a be (-83 - k)*(-1 - (11 - 0)). Calculate the highest common factor of a and 132.
12
Let r be ((-550)/6)/((-60)/180). What is the highest common divisor of 935 and r?
55
Suppose -4*l - 49 - 2559 = 0. Let n = 1084 + l. What is the greatest common divisor of n and 54?
54
Suppose -3*x - 10 = n, n + n + 6 = x. Let g(w) = 10*w + 90. Let l be g(n). Let j be 2 + 0 + -3 - -26. Calculate the greatest common factor of l and j.
25
Let f(r) = r**2 + 72*r - 2616. Let k be f(28). Calculate the highest common divisor of 80 and k.
8
Let u = 244 + -237. Suppose 0 = -u*h + 135 + 152. Suppose 3*b + 23 = 4*q - 144, 39 = q + 2*b. Calculate the greatest common factor of q and h.
41
Let s be (2/8)/((-3)/(-60)). Let f be 53 - (-4 + 15/s). Calculate the highest common divisor of f and 405.
27
Let r(m) = -175*m - 3. Let u be r(-1). Suppose 1935 = 50*q - 5*q. Calculate the highest common divisor of q and u.
43
Suppose -5*b - 75 = -p - 17, 0 = -3*p + b + 146. Calculate the highest common factor of p and 128.
16
Let w = -17 + 22. Let g(u) = 0 - 5 - 9*u**3 - u**2 + 10*u**3 - 7*u - 2*u**2. Let j be g(w). Calculate the greatest common factor of j and 25.
5
Let j = 59 - 42. Let y be (20 - j) + (57 - 0). Let u be -6 + 21 - (-4 - 1). What is the highest common divisor of y and u?
20
Let o be 1 - (-3)/9 - 56/(-21). Let f(c) = 5*c - 7. Let h be f(3). Let a be 2/h - (-93)/12. Calculate the highest common factor of a and o.
4
Let t be (2 + -9 - (43 + -47)) + 108. Calculate the highest common divisor of 120 and t.
15
Suppose 2*t + 11 = -2*x + 57, x - 2*t - 20 = 0. Suppose 0 = x*l - 23*l + 29. Suppose 389 = 6*r + l. Calculate the highest common divisor of r and 15.
15
Let a(c) = 19 - 7*c + c**3 - 2*c + c**3. Let u be a(3). Suppose u*g + 80 = 50*g. Calculate the greatest common factor of g and 15.
5
Let k = 195 - 136. Suppose -2*i + o + 116 = 0, -4*o = 4*i - 5*o - 234. Calculate the greatest common factor of i and k.
59
Suppose -2*o + 6867 = 7*o. Suppose 2*g = 2, -o = -r - 4*r + 2*g. Suppose -9*l = -3*l - 102. Calculate the highest common factor of l and r.
17
Suppose -5*f + 1 = -24. Suppose -15*j = -10*j - 20. Suppose -2*p + j*i + 60 = -p, -94 = -2*p - f*i. Calculate the highest common divisor of p and 4.
4
Let w be -5 + 1 + (97 - -9). Let k = w - 16. Let c = k - 68. Calculate the highest common factor of c and 6.
6
Suppose 3*f = -2*j - 153 - 149, 0 = 4*f - 2*j + 398. Let n be 240 - (125/f)/(2/8). What is the greatest common factor of n and 35?
35
Let a(t) = -t**3 + t**2 - t + 30. Let z be a(0). Let v = -1771 + 3193. Suppose -v = -d - 1410. What is the greatest common factor of d and z?
6
Suppose -10*g - 4*g + 6748 = 0. Let c = g + -464. Calculate the highest common divisor of 45 and c.
9
Let l = -6345 - -6363. Let j be (-3)/(-1 - (-5)/2). Let d be (-6)/(1*(j - -1)). What is the highest common divisor of l and d?
6
Suppose 8*b = 3*b + 5*l + 370, -5*b + 376 = l. Let z be (-25)/(b/(-108))*(11 + -1). Calculate the greatest common factor of z and 135.
45
Suppose -76*f - 8064 = -85*f. Suppose -p + f = 6*p. Let l be (-98)/(-3) - 4/6. Calculate the highest common divisor of l and p.
32
Let b(n) = -n**3 - 2*n**2 + n + 3. Let i be b(0). Let w(q) = 2*q**3 + 6*q - 9. Let y be w(i). Calculate the highest common divisor of 9 and y.
9
Let d = -337 + 634. Let n(l) = l**2 + 1. Let m(c) = c**2 - 13*c - 5. Let q(o) = m(o) - 2*n(o). Let r be q(-8). What is the highest common factor of d and r?
33
Suppose -2*o + 2*r + 171 + 97 = 0, 3*o = r + 402. Suppose -2*t + t + 2*p = -o, -t + 137 = -p. Calculate the greatest common divisor of 40 and t.
20
Suppose 3*g - 172 = 5*h, 6*g - 2*g - 3*h - 211 = 0. Suppose -18*y = -828 - 731 + 1433. What is the greatest common divisor of y and g?
7
Let c(f) = 55*f**2 + 1. Let p be c(-1). Let z = p - 27. What is the greatest common factor of 1 and z?
1
Let a be ((-3)/(-6))/(5/170). Let s = 41 - a. Suppose s*v - 19*v = 105. What is the highest common divisor of v and 273?
21
Let j(x) = -x**2 - x + 81. Let p be j(0). Suppose 103*a - 104*a + 3 = 3*n, 0 = -3*a - 3*n + 21. Calculate the highest common divisor of p and a.
9
Suppose 8 = -7*x + 30 + 34. Calculate the greatest common divisor of 16 and x.
8
Let a be (-3 - 4/16)/(20/(-880)). What is the highest common divisor of a and 793?
13
Let y = 42754 - 42719. Calculate the greatest common divisor of 72555 and y.
35
Suppose -11*d - 3*d + 98 = 0. Suppose 12*w = -7 + d. Suppose 2*y - 9*y + 98 = w. What is the highest common divisor of 98 and y?
14
Let u be 7/(39/18 + -1). Calculate the highest common factor of 21 and u.
3
Let g(f) = -3*f**2 + 87*f - 130. Let b be g(27). What is the greatest common divisor of 16 and b?
16
Let l be (1/1)/(648 + -647). Calculate the highest common factor of l and 1171.
1
Let x(k) = 25*k**2 + 3*k + 4. Let h be x(3). Let z(q) = -16*q - 542. Let r be z(-36). What is the greatest common factor of r and h?
34
Suppose o - 13 = 52. Let u(g) be the first derivative of -g**4/4 + 3*g**3 - 11*g**2/2 - 8*g - 13. Let j be u(7). What is the greatest common divisor of o and j?
13
Let a = -8177 - -8639. Calculate the greatest common divisor of 1584 and a.
66
Suppose 0 = -2774*d + 1381 + 23585. Suppose -4*r + 20 = -0*r. Suppose 74 = r*c + z + 13, 4*z = 4. Calculate the highest common divisor of d and c.
3
Let f(d) = -6*d - 84. Suppose -4*n = v + 61, -88 = 5*n - 3*v 